{"id":1002,"date":"2024-02-05T16:54:05","date_gmt":"2024-02-05T19:54:05","guid":{"rendered":"https:\/\/repositorio.afrolab.info\/?page_id=1002"},"modified":"2024-11-06T16:21:41","modified_gmt":"2024-11-06T19:21:41","slug":"sobre","status":"publish","type":"page","link":"https:\/\/repositorio.afrolab.info\/index.php\/sobre\/","title":{"rendered":"Sobre"},"content":{"rendered":"\n<p>O\u00a0<strong><a href=\"https:\/\/repositorio.afrolab.info\/index.php\/\">Reposit\u00f3rio Afro Lab<\/a><\/strong> &#8211; composto pela cole\u00e7\u00e3o<strong> <\/strong><a href=\"https:\/\/repositorio.afrolab.info\/index.php\/historia-e-cultura-afro-brasileira\/\" data-type=\"link\" data-id=\"https:\/\/repositorio.afrolab.info\/index.php\/historia-e-cultura-afro-brasileira\/\"><strong>Hist\u00f3ria e cultura afro-brasileira nos museus<\/strong><\/a> &#8211; \u00e9 um recurso educacional proposto ao PROMESTRE (Mestrado Profissional em Educa\u00e7\u00e3o da Faculdade de Educa\u00e7\u00e3o da Universidade Federal de Minas Gerais) como parte do projeto de pesquisa <a href=\"http:\/\/hdl.handle.net\/1843\/77844\" data-type=\"link\" data-id=\"http:\/\/hdl.handle.net\/1843\/77844\" target=\"_blank\" rel=\"noreferrer noopener\"><strong>Hist\u00f3ria e cultura africana e afro-brasileira: proposta de elabora\u00e7\u00e3o de um reposit\u00f3rio tem\u00e1tico digital de exposi\u00e7\u00f5es museais<\/strong><\/a> idealizado e desenvolvido por <a href=\"http:\/\/lattes.cnpq.br\/7239205302501869\" data-type=\"link\" data-id=\"http:\/\/lattes.cnpq.br\/7239205302501869\" target=\"_blank\" rel=\"noreferrer noopener\"><strong>Pablo Jorge<\/strong><\/a>.<\/p>\n\n\n\n<p>O conte\u00fado do reposit\u00f3rio (cole\u00e7\u00e3o<strong> <a href=\"https:\/\/repositorio.afrolab.info\/index.php\/historia-e-cultura-afro-brasileira\/\">Hist\u00f3ria e Cultura Afro-Brasileira nos museus<\/a><\/strong>) tem como recorte espec\u00edfico exposi\u00e7\u00f5es museais que tratam ou trataram da tem\u00e1tica da di\u00e1spora negra e da cultura africana e afro-brasileira, al\u00e9m de promover o valor do negro na constru\u00e7\u00e3o da identidade do povo brasileiro, que como bem disse Manuel Querino &#8211; em &#8220;O colono preto como fator da civiliza\u00e7\u00e3o brasileira&#8221; &#8211; no geral, \u201crepresentaram o que h\u00e1 de mais seleto nas afirma\u00e7\u00f5es do saber\u201d.<\/p>\n\n\n\n<p>Outras cole\u00e7\u00f5es dispon\u00edveis s\u00e3o:<\/p>\n\n\n\n<p><a href=\"https:\/\/repositorio.afrolab.info\/index.php\/museus-virtuais\/\"><strong>Museus virtuais afro-brasileiros<\/strong><\/a>&nbsp;&#8211; re\u00fane museus virtuais brasileiros com a tem\u00e1tica da cultura africana e afro-brasileira.<\/p>\n\n\n\n<p><strong><a href=\"https:\/\/repositorio.afrolab.info\/index.php\/podcasts\">Podcasts: um novo olhar para a hist\u00f3ria e a cultura afro-brasileira<\/a>&nbsp;<\/strong>&#8211; re\u00fane podcasts com tem\u00e1ticas negras que apresentam um novo olhar para a hist\u00f3ria e a cultura afro-brasileira.<\/p>\n\n\n\n<p><\/p>\n","protected":false},"excerpt":{"rendered":"<p>O\u00a0Reposit\u00f3rio Afro Lab &#8211; composto pela cole\u00e7\u00e3o Hist\u00f3ria e cultura afro-brasileira nos museus &#8211; \u00e9 um recurso educacional proposto ao PROMESTRE (Mestrado Profissional em Educa\u00e7\u00e3o da Faculdade de Educa\u00e7\u00e3o da Universidade Federal de Minas Gerais) como parte do projeto de pesquisa Hist\u00f3ria e cultura africana e afro-brasileira: proposta de elabora\u00e7\u00e3o de um reposit\u00f3rio tem\u00e1tico digital [&hellip;]<\/p>\n","protected":false},"author":1,"featured_media":0,"parent":0,"menu_order":0,"comment_status":"closed","ping_status":"closed","template":"","meta":{"footnotes":"[]"},"class_list":["post-1002","page","type-page","status-publish","hentry"],"_links":{"self":[{"href":"https:\/\/repositorio.afrolab.info\/index.php\/wp-json\/wp\/v2\/pages\/1002","targetHints":{"allow":["GET"]}}],"collection":[{"href":"https:\/\/repositorio.afrolab.info\/index.php\/wp-json\/wp\/v2\/pages"}],"about":[{"href":"https:\/\/repositorio.afrolab.info\/index.php\/wp-json\/wp\/v2\/types\/page"}],"author":[{"embeddable":true,"href":"https:\/\/repositorio.afrolab.info\/index.php\/wp-json\/wp\/v2\/users\/1"}],"replies":[{"embeddable":true,"href":"https:\/\/repositorio.afrolab.info\/index.php\/wp-json\/wp\/v2\/comments?post=1002"}],"version-history":[{"count":16,"href":"https:\/\/repositorio.afrolab.info\/index.php\/wp-json\/wp\/v2\/pages\/1002\/revisions"}],"predecessor-version":[{"id":2232,"href":"https:\/\/repositorio.afrolab.info\/index.php\/wp-json\/wp\/v2\/pages\/1002\/revisions\/2232"}],"wp:attachment":[{"href":"https:\/\/repositorio.afrolab.info\/index.php\/wp-json\/wp\/v2\/media?parent=1002"}],"curies":[{"name":"wp","href":"https:\/\/api.w.org\/{rel}","templated":true}]}}

<p>O <strong><a href="https://repositorio.afrolab.info/index.php/">Repositório Afro Lab</a></strong> &#8211; composto pela coleção<strong> </strong><a href="https://repositorio.afrolab.info/index.php/historia-e-cultura-afro-brasileira/" data-type="link" data-id="https://repositorio.afrolab.info/index.php/historia-e-cultura-afro-brasileira/"><strong>História e cultura afro-brasileira nos museus</strong></a> &#8211; é um recurso educacional proposto ao PROMESTRE (Mestrado Profissional em Educação da Faculdade de Educação da Universidade Federal de Minas Gerais) como parte do projeto de pesquisa <a href="http://hdl.handle.net/1843/77844" data-type="link" data-id="http://hdl.handle.net/1843/77844" target="_blank" rel="noreferrer noopener"><strong>História e cultura africana e afro-brasileira: proposta de elaboração de um repositório temático digital de exposições museais</strong></a> idealizado e desenvolvido por <a href="http://lattes.cnpq.br/7239205302501869" data-type="link" data-id="http://lattes.cnpq.br/7239205302501869" target="_blank" rel="noreferrer noopener"><strong>Pablo Jorge</strong></a>.</p>



<p>O conteúdo do repositório (coleção<strong> <a href="https://repositorio.afrolab.info/index.php/historia-e-cultura-afro-brasileira/">História e Cultura Afro-Brasileira nos museus</a></strong>) tem como recorte específico exposições museais que tratam ou trataram da temática da diáspora negra e da cultura africana e afro-brasileira, além de promover o valor do negro na construção da identidade do povo brasileiro, que como bem disse Manuel Querino &#8211; em &#8220;O colono preto como fator da civilização brasileira&#8221; &#8211; no geral, “representaram o que há de mais seleto nas afirmações do saber”.</p>



<p>Outras coleções disponíveis são:</p>



<p><a href="https://repositorio.afrolab.info/index.php/museus-virtuais/"><strong>Museus virtuais afro-brasileiros</strong></a>&nbsp;&#8211; reúne museus virtuais brasileiros com a temática da cultura africana e afro-brasileira.</p>



<p><strong><a href="https://repositorio.afrolab.info/index.php/podcasts">Podcasts: um novo olhar para a história e a cultura afro-brasileira</a>&nbsp;</strong>&#8211; reúne podcasts com temáticas negras que apresentam um novo olhar para a história e a cultura afro-brasileira.</p>



<p></p>

<p>O Repositório Afro Lab &#8211; composto pela coleção História e cultura afro-brasileira nos museus &#8211; é um recurso educacional proposto ao PROMESTRE (Mestrado Profissional em Educação da Faculdade de Educação da Universidade Federal de Minas Gerais) como parte do projeto de pesquisa História e cultura africana e afro-brasileira: proposta de elaboração de um repositório temático digital [&hellip;]</p>
