{"id":1355,"date":"2024-02-15T19:06:30","date_gmt":"2024-02-15T22:06:30","guid":{"rendered":"https:\/\/repositorio.afrolab.info\/?page_id=1355"},"modified":"2024-03-06T15:50:04","modified_gmt":"2024-03-06T18:50:04","slug":"formulario-de-submissao-de-item","status":"publish","type":"page","link":"https:\/\/repositorio.afrolab.info\/index.php\/formulario-de-submissao-de-item\/","title":{"rendered":"Formul\u00e1rio de Submiss\u00e3o de Item"},"content":{"rendered":"\n<p>Permite a submiss\u00e3o de novos itens para a cole\u00e7\u00e3o. Se voc\u00ea conhece alguma exposi\u00e7\u00e3o dentro do escopo do reposit\u00f3rio e gostaria de v\u00ea-la por aqui, preencha o formul\u00e1rio abaixo que analisaremos a sua sugest\u00e3o.<\/p>\n\n\n\n<p> <\/p>\n\n\n\n<div style=\"font-size:16px;--tainacan-base-font-size:16px;--tainacan-background-color:rgba(255,255,255,0);--tainacan-input-color:#1d1d1d;--tainacan-input-background-color:#ffffff;--tainacan-input-border-color:#dbdbdb;--tainacan-label-color:#373839;--tainacan-info-color:#505253;--tainacan-primary:#d9eced;--tainacan-secondary:#187181\" class=\"wp-block-tainacan-item-submission-form\"><div id=\"tainacan-item-submission-form\" data-module=\"item-submission-form\" collection-id=\"12\" hide-file-modal-button=\"false\" hide-text-modal-button=\"false\" hide-link-modal-button=\"false\" hide-thumbnail-section=\"false\" hide-attachments-section=\"false\" show-allow-comments-section=\"false\" hide-help-buttons=\"false\" hide-metadata-types=\"false\" hide-collapses=\"false\" enabled-metadata=\"true,true,true,true,true,true,true,true,true,true\" sent-form-heading=\"Form submitted!\" sent-form-message=\"Thank you. Your item was submitted to the collection.\" document-section-label=\"Document\" thumbnail-section-label=\"Thumbnail\" attachments-section-label=\"Attachments\" metadata-section-label=\"Metadata\" show-item-link-button=\"false\" show-terms-agreement-checkbox=\"false\" terms-agreement-message=\"I agree to submit this item information.\" item-link-button-label=\"Go to the item page\" help-info-bellow-label=\"false\" is-layout-steps=\"false\"><\/div><\/div>\n","protected":false},"excerpt":{"rendered":"<p>Permite a submiss\u00e3o de novos itens para a cole\u00e7\u00e3o. Se voc\u00ea conhece alguma exposi\u00e7\u00e3o dentro do escopo do reposit\u00f3rio e gostaria de v\u00ea-la por aqui, preencha o formul\u00e1rio abaixo que analisaremos a sua sugest\u00e3o.<\/p>\n","protected":false},"author":1,"featured_media":0,"parent":0,"menu_order":0,"comment_status":"closed","ping_status":"closed","template":"","meta":{"footnotes":""},"class_list":["post-1355","page","type-page","status-publish","hentry"],"_links":{"self":[{"href":"https:\/\/repositorio.afrolab.info\/index.php\/wp-json\/wp\/v2\/pages\/1355","targetHints":{"allow":["GET"]}}],"collection":[{"href":"https:\/\/repositorio.afrolab.info\/index.php\/wp-json\/wp\/v2\/pages"}],"about":[{"href":"https:\/\/repositorio.afrolab.info\/index.php\/wp-json\/wp\/v2\/types\/page"}],"author":[{"embeddable":true,"href":"https:\/\/repositorio.afrolab.info\/index.php\/wp-json\/wp\/v2\/users\/1"}],"replies":[{"embeddable":true,"href":"https:\/\/repositorio.afrolab.info\/index.php\/wp-json\/wp\/v2\/comments?post=1355"}],"version-history":[{"count":3,"href":"https:\/\/repositorio.afrolab.info\/index.php\/wp-json\/wp\/v2\/pages\/1355\/revisions"}],"predecessor-version":[{"id":1385,"href":"https:\/\/repositorio.afrolab.info\/index.php\/wp-json\/wp\/v2\/pages\/1355\/revisions\/1385"}],"wp:attachment":[{"href":"https:\/\/repositorio.afrolab.info\/index.php\/wp-json\/wp\/v2\/media?parent=1355"}],"curies":[{"name":"wp","href":"https:\/\/api.w.org\/{rel}","templated":true}]}}